{"id":1189,"date":"2020-12-20T22:22:57","date_gmt":"2020-12-20T21:22:57","guid":{"rendered":"https:\/\/www.scuolamonterisi.edu.it\/wordpress\/?page_id=1189"},"modified":"2025-08-24T10:09:24","modified_gmt":"2025-08-24T08:09:24","slug":"calendario-scolastico","status":"publish","type":"page","link":"https:\/\/www.scuolamonterisi.edu.it\/index.php\/home\/calendario-scolastico\/","title":{"rendered":"Calendario Scolastico"},"content":{"rendered":"<div class=\"kc-elm kc-css-372996 kc-row-container module\"><div class=\"wc-row row\"><div class=\"kc-wrap-columns\"><div class=\"kc-elm kc-css-57329 small-12 columns small-12\"><div class=\"kc-col-container\"><div class=\"kc-elm kc-css-592197 kc_text_block\"><\/p>\n<p>la normativa statale prevede le seguenti festivit\u00e0 nazionali:<\/p>\n<p>&#8211; tutte le domeniche;<\/p>\n<p>&#8211; il 1\u00b0 novembre, festa di tutti i Santi;<\/p>\n<p>&#8211; l\u20198 dicembre, Immacolata Concezione;<\/p>\n<p>&#8211; il 25 dicembre, Natale;<\/p>\n<p>&#8211; il 26 dicembre, Santo Stefano;<\/p>\n<p>&#8211; il 1\u00b0 gennaio, Capodanno;<\/p>\n<p>&#8211; il 6 gennaio, Epifania;<\/p>\n<p>&#8211; il luned\u00ec dopo Pasqua;<\/p>\n<p>&#8211; il 25 aprile, Anniversario della Liberazione;<\/p>\n<p>&#8211; il 1\u00b0 maggio, Festa del Lavoro;<\/p>\n<p>&#8211; il 2 giugno, festa nazionale della Repubblica;<\/p>\n<p>&#8211; la festa del Santo Patrono (se ricade in periodo di attivit\u00e0 didattica);<\/p>\n<\/p>\n<p>in tal quadro, i competenti uffici regionali hanno elaborato il documento recante &#8220;calendario scolastico 2025\/2026\u201d, contenente le seguenti determinazioni, condivise, nella riunione del 9 maggio 2025, con l\u2019Ufficio Scolastico Regionale e con le Organizzazioni Sindacali di categoria:<\/p>\n<\/p>\n<p>c.1. per tutti gli ordini e i gradi d\u2019istruzione e per i percorsi formativi le lezioni hanno inizio luned\u00ec 15 settembre 2025 e terminano sabato 6 giugno 2026 per la scuola primaria e secondaria e marted\u00ec 30 giugno 2026 per le scuole dell\u2019infanzia, per un totale previsto di n. 203 giorni di lezione per la scuola primaria e secondaria, ridotto di una unit\u00e0 qualora la festivit\u00e0 del Santo Patrono ricada in periodo di attivit\u00e0 didattica;<\/p>\n<\/p>\n<p>c.2. oltre alle festivit\u00e0 nazionali previste dalla normativa statale di riferimento ed alle domeniche, le attivit\u00e0 didattiche sono altres\u00ec sospese:<\/p>\n<p>&#8211; il 23 e 24 dicembre 2025, il 27 dicembre 2025, il 29, 30 e 31 dicembre 2025 , il 2 e 3 gennaio 2026, il 5 gennaio 2026 per le festivit\u00e0 Natalizie;<\/p>\n<p>&#8211; i giorni 16 e 17 febbraio 2026 per le festivit\u00e0 di Carnevale;<\/p>\n<p>&#8211; dal 2 aprile al 4 aprile 2026 e il 7 aprile 2026 per le festivit\u00e0 Pasquali;<\/p>\n<p>c.3. sono confermate le seguenti celebrazioni ed in tali giornate, o nel corso della settimana che precede se ricadenti di domenica, le Istituzioni scolastiche sono invitate a programmare, nell\u2019ambito della propria autonomia, iniziative specifiche, anche in sintonia con le eventuali iniziative della Regione:<\/p>\n<p>&#8211; 27 gennaio, designato dalla risoluzione 60\/7 dell\u2019Assemblea generale delle Nazioni Unite come giornata in commemorazione delle vittime dell\u2019olocausto e riconosciuto dalla legge n. 211 del 2000 come \u201cgiorno della memoria\u201d al fine di ricordare la Shoah (sterminio del popolo ebraico), le leggi razziali, la persecuzione italiana dei cittadini ebrei, gli italiani che hanno subito la deportazione, la prigionia, la morte;<\/p>\n<p>&#8211; 10 febbraio, istituito con la legge n. 92 del 2004 come giorno del ricordo in<\/p>\n<p>commemorazione delle vittime dei massacri delle foibe e dell\u2019esodo giuliano-dalmata;<\/p>\n<p>&#8211; 19 marzo \u201cfesta della legalit\u00e0\u201d, istituita dalla Regione Campania nel 2012 in ricordo dell\u2019uccisione di don Peppino Diana, come giornata dell\u2019impegno e della memoria;<\/p>\n<\/p>\n<p>\n<\/div><\/div><\/div><div class=\"kc-elm kc-css-193979 small-12 columns small-12\"><div class=\"kc-col-container\"><div class=\"kc-elm kc-css-623949 kc_text_block\"><\/p>\n<h5 style=\"text-align: center;\"><strong>DELIBERA REGIONE<\/strong><\/h5>\n<p>\n<\/div><div class=\"kc-elm kc-css-407066 kc_shortcode kc_single_image\">\n\n        <a  href=\"https:\/\/www.scuolamonterisi.edu.it\/wp-content\/uploads\/2025\/07\/DELIBERA_DELLA_GIUNTA_REGIONALE_DIP50_11_N_292_DEL_21_05_2025.pdf\" title=\"\" target=\"_blank\">\n        <img src=\"https:\/\/www.scuolamonterisi.edu.it\/wp-content\/uploads\/2020\/12\/download-pdf-3660827_960_720.png\" class=\"\" alt=\"\" \/>    <\/a>\n    <\/div>\n<div class=\"kc-elm kc-css-59327\" style=\"height: 20px; clear: both; width:100%;\"><\/div><div class=\"kc-elm kc-css-96411 kc_text_block\"><\/p>\n<h5 style=\"text-align: center;\"><strong>CALENDARIO DIDATTICO<\/strong><\/h5>\n<p>\n<\/div><div class=\"kc-elm kc-css-728923 kc_shortcode kc_single_image\">\n\n        <a  href=\"https:\/\/www.scuolamonterisi.edu.it\/wp-content\/uploads\/2025\/08\/calendario25_26.xls.pdf\" title=\"\" target=\"_blank\">\n        <img src=\"https:\/\/www.scuolamonterisi.edu.it\/wp-content\/uploads\/2020\/12\/download-pdf-3660827_960_720.png\" class=\"\" alt=\"\" \/>    <\/a>\n    <\/div>\n<div class=\"kc-elm kc-css-298606\" style=\"height: 20px; clear: both; width:100%;\"><\/div><\/div><\/div><\/div><\/div><\/div>\n","protected":false},"excerpt":{"rendered":"","protected":false},"author":1,"featured_media":0,"parent":623,"menu_order":0,"comment_status":"closed","ping_status":"closed","template":"template-modules.php","meta":[],"_links":{"self":[{"href":"https:\/\/www.scuolamonterisi.edu.it\/index.php\/wp-json\/wp\/v2\/pages\/1189"}],"collection":[{"href":"https:\/\/www.scuolamonterisi.edu.it\/index.php\/wp-json\/wp\/v2\/pages"}],"about":[{"href":"https:\/\/www.scuolamonterisi.edu.it\/index.php\/wp-json\/wp\/v2\/types\/page"}],"author":[{"embeddable":true,"href":"https:\/\/www.scuolamonterisi.edu.it\/index.php\/wp-json\/wp\/v2\/users\/1"}],"replies":[{"embeddable":true,"href":"https:\/\/www.scuolamonterisi.edu.it\/index.php\/wp-json\/wp\/v2\/comments?post=1189"}],"version-history":[{"count":14,"href":"https:\/\/www.scuolamonterisi.edu.it\/index.php\/wp-json\/wp\/v2\/pages\/1189\/revisions"}],"predecessor-version":[{"id":6018,"href":"https:\/\/www.scuolamonterisi.edu.it\/index.php\/wp-json\/wp\/v2\/pages\/1189\/revisions\/6018"}],"up":[{"embeddable":true,"href":"https:\/\/www.scuolamonterisi.edu.it\/index.php\/wp-json\/wp\/v2\/pages\/623"}],"wp:attachment":[{"href":"https:\/\/www.scuolamonterisi.edu.it\/index.php\/wp-json\/wp\/v2\/media?parent=1189"}],"curies":[{"name":"wp","href":"https:\/\/api.w.org\/{rel}","templated":true}]}}

<div class="kc-elm kc-css-372996 kc-row-container module"><div class="wc-row row"><div class="kc-wrap-columns"><div class="kc-elm kc-css-57329 small-12 columns small-12"><div class="kc-col-container"><div class="kc-elm kc-css-592197 kc_text_block"></p>
<p>la normativa statale prevede le seguenti festività nazionali:</p>
<p>&#8211; tutte le domeniche;</p>
<p>&#8211; il 1° novembre, festa di tutti i Santi;</p>
<p>&#8211; l’8 dicembre, Immacolata Concezione;</p>
<p>&#8211; il 25 dicembre, Natale;</p>
<p>&#8211; il 26 dicembre, Santo Stefano;</p>
<p>&#8211; il 1° gennaio, Capodanno;</p>
<p>&#8211; il 6 gennaio, Epifania;</p>
<p>&#8211; il lunedì dopo Pasqua;</p>
<p>&#8211; il 25 aprile, Anniversario della Liberazione;</p>
<p>&#8211; il 1° maggio, Festa del Lavoro;</p>
<p>&#8211; il 2 giugno, festa nazionale della Repubblica;</p>
<p>&#8211; la festa del Santo Patrono (se ricade in periodo di attività didattica);</p>
</p>
<p>in tal quadro, i competenti uffici regionali hanno elaborato il documento recante &#8220;calendario scolastico 2025/2026”, contenente le seguenti determinazioni, condivise, nella riunione del 9 maggio 2025, con l’Ufficio Scolastico Regionale e con le Organizzazioni Sindacali di categoria:</p>
</p>
<p>c.1. per tutti gli ordini e i gradi d’istruzione e per i percorsi formativi le lezioni hanno inizio lunedì 15 settembre 2025 e terminano sabato 6 giugno 2026 per la scuola primaria e secondaria e martedì 30 giugno 2026 per le scuole dell’infanzia, per un totale previsto di n. 203 giorni di lezione per la scuola primaria e secondaria, ridotto di una unità qualora la festività del Santo Patrono ricada in periodo di attività didattica;</p>
</p>
<p>c.2. oltre alle festività nazionali previste dalla normativa statale di riferimento ed alle domeniche, le attività didattiche sono altresì sospese:</p>
<p>&#8211; il 23 e 24 dicembre 2025, il 27 dicembre 2025, il 29, 30 e 31 dicembre 2025 , il 2 e 3 gennaio 2026, il 5 gennaio 2026 per le festività Natalizie;</p>
<p>&#8211; i giorni 16 e 17 febbraio 2026 per le festività di Carnevale;</p>
<p>&#8211; dal 2 aprile al 4 aprile 2026 e il 7 aprile 2026 per le festività Pasquali;</p>
<p>c.3. sono confermate le seguenti celebrazioni ed in tali giornate, o nel corso della settimana che precede se ricadenti di domenica, le Istituzioni scolastiche sono invitate a programmare, nell’ambito della propria autonomia, iniziative specifiche, anche in sintonia con le eventuali iniziative della Regione:</p>
<p>&#8211; 27 gennaio, designato dalla risoluzione 60/7 dell’Assemblea generale delle Nazioni Unite come giornata in commemorazione delle vittime dell’olocausto e riconosciuto dalla legge n. 211 del 2000 come “giorno della memoria” al fine di ricordare la Shoah (sterminio del popolo ebraico), le leggi razziali, la persecuzione italiana dei cittadini ebrei, gli italiani che hanno subito la deportazione, la prigionia, la morte;</p>
<p>&#8211; 10 febbraio, istituito con la legge n. 92 del 2004 come giorno del ricordo in</p>
<p>commemorazione delle vittime dei massacri delle foibe e dell’esodo giuliano-dalmata;</p>
<p>&#8211; 19 marzo “festa della legalità”, istituita dalla Regione Campania nel 2012 in ricordo dell’uccisione di don Peppino Diana, come giornata dell’impegno e della memoria;</p>
</p>
<p>
</div></div></div><div class="kc-elm kc-css-193979 small-12 columns small-12"><div class="kc-col-container"><div class="kc-elm kc-css-623949 kc_text_block"></p>
<h5 style="text-align: center;"><strong>DELIBERA REGIONE</strong></h5>
<p>
</div><div class="kc-elm kc-css-407066 kc_shortcode kc_single_image">

        <a  href="https://www.scuolamonterisi.edu.it/wp-content/uploads/2025/07/DELIBERA_DELLA_GIUNTA_REGIONALE_DIP50_11_N_292_DEL_21_05_2025.pdf" title="" target="_blank">
        <img src="https://www.scuolamonterisi.edu.it/wp-content/uploads/2020/12/download-pdf-3660827_960_720.png" class="" alt="" />    </a>
    </div>
<div class="kc-elm kc-css-59327" style="height: 20px; clear: both; width:100%;"></div><div class="kc-elm kc-css-96411 kc_text_block"></p>
<h5 style="text-align: center;"><strong>CALENDARIO DIDATTICO</strong></h5>
<p>
</div><div class="kc-elm kc-css-728923 kc_shortcode kc_single_image">

        <a  href="https://www.scuolamonterisi.edu.it/wp-content/uploads/2025/08/calendario25_26.xls.pdf" title="" target="_blank">
        <img src="https://www.scuolamonterisi.edu.it/wp-content/uploads/2020/12/download-pdf-3660827_960_720.png" class="" alt="" />    </a>
    </div>
<div class="kc-elm kc-css-298606" style="height: 20px; clear: both; width:100%;"></div></div></div></div></div></div>
