{"id":1324,"date":"2020-12-22T17:58:26","date_gmt":"2020-12-22T16:58:26","guid":{"rendered":"https:\/\/www.scuolamonterisi.edu.it\/wordpress\/?page_id=1324"},"modified":"2025-12-10T08:21:36","modified_gmt":"2025-12-10T07:21:36","slug":"orientamento","status":"publish","type":"page","link":"https:\/\/www.scuolamonterisi.edu.it\/index.php\/area-genitori\/orientamento\/","title":{"rendered":"ORIENTAMENTO"},"content":{"rendered":"<p><div class=\"kc-elm kc-css-677781 kc-row-container module\"><div class=\"wc-row row\"><div class=\"kc-wrap-columns\"><div class=\"kc-elm kc-css-533594 small-12 columns small-12\"><div class=\"kc-col-container\"><div class=\"kc-elm kc-css-429504 kc_text_block\"><\/p>\n<p>L\u2019orientamento scolastico ha il compito di aiutare ogni studente e la sua famiglia ad affrontare un processo decisionale per giungere ad una scelta coerente con il progetto personale di vita.<\/p>\n<p>L\u2019orientamento assume una grande importanza nel processo formativo, in particolare nei momenti di passaggio da un ordine di scuola all\u2019altro: i dati statistici del MIUR, infatti, documentano che \u00e8 proprio tra la scuola di primo e di secondo grado e tra quella di secondo grado e l\u2019istruzione superiore che emerge maggiormente il fenomeno dell\u2019insuccesso e la conseguente dispersione scolastica.<\/p>\n<p>Ma non \u00e8 facile scegliere: n\u00e9 per lo studente n\u00e9 per la famiglia, che dovrebbe interagire serenamente e con competenza con il figlio e con la scuola per approdare alla scelta migliore. Non \u00e8 sufficiente essere informati su quali siano le scuole del territorio, n\u00e9 conoscere solo la loro qualit\u00e0 o la quantit\u00e0 di \u201clavoro a casa\u201d che richiede ciascun indirizzo di studio in termini di studio\/lavoro personale, per scegliere il percorso scolastico migliore dopo la scuola secondaria di primo grado!<\/p>\n<p>Normativa di riferimento:<\/p>\n<p><strong><a href=\"https:\/\/www.scuolamonterisi.edu.it\/wp-content\/uploads\/2020\/12\/nota-4232-del-19-febbraio-2014-linee-guida-nazionali-per-l-orientamento-permanente.pdf\">Nota MIUR N.4232\u00a0del 19 febbraio 2014\u00a0&#8220;Linee guida nazionali per l&#039;orientamento permanente\" \u00a0<\/a><span style=\"font-size: 14pt; line-height: 21.466665267944336px; font-family: Montserrat;\">\u00a0<\/span><\/strong><\/p>\n<\/p>\n<p class=\"p1\" style=\"text-align: left;\"><a href=\"https:\/\/www.scuolamonterisi.edu.it\/wp-content\/uploads\/2024\/11\/lettera_ministro.pdf\"><strong>Lettera del Ministro dell\u2019Istruzione e del Merito alle famiglie per l\u2019orientamento<\/strong><\/a><\/p>\n<p>\n<\/div><\/div><\/div><\/div><\/div><\/div><div class=\"kc-elm kc-css-880690 kc-row-container module transparent-background\"><div class=\"wc-row row\"><div class=\"kc-wrap-columns\"><div class=\"kc-elm kc-css-813938 small-12 columns small-12\"><div class=\"kc-col-container\"><div class=\"kc-elm kc-css-77198 kc_shortcode kc_single_image\">\n\n        <a  href=\"https:\/\/unica.istruzione.gov.it\/it\/orientamento\/guida-alla-scelta\" title=\"\" target=\"_blank\">\n        <img src=\"https:\/\/www.scuolamonterisi.edu.it\/wp-content\/uploads\/2024\/12\/logo-orientarsi.png\" class=\"\" alt=\"\" \/>    <\/a>\n    <\/div>\n<\/div><\/div><\/div><\/div><\/div><div class=\"kc-elm kc-css-294572 kc-row-container module\"><div class=\"wc-row row\"><div class=\"kc-wrap-columns\"><div class=\"kc-elm kc-css-68111 small-12 columns small-12\"><div class=\"kc-col-container\"><div class=\"kc-elm kc-css-603775 kc_text_block\"><\/p>\n<p class=\"MsoNormal\" style=\"margin: 0cm; font-size: 12pt; font-family: Calibri, sans-serif; color: #000000; text-align: right;\"><span style=\"font-size: 16pt; font-family: &#039;Titillium Web&#039;; color: #171717;\"><strong>What\u2019s Next:\u00a0l\u2019esperienza di orientamento nel Metaverso<\/strong><\/span><\/p>\n<p class=\"MsoNormal\" style=\"margin: 0cm; font-size: 12pt; font-family: Calibri, sans-serif; color: #000000; text-align: right;\"><span style=\"font-size: 16pt; font-family: &#039;Titillium Web&#039;; color: #171717;\">Approfondisci i percorsi della scuola secondaria di secondo grado o esplora l\u2019offerta formativa degli ITS Academy in modo semplice e coinvolgente.<\/span><\/p>\n<p>\n<\/div><\/div><\/div><div class=\"kc-elm kc-css-601852 small-12 columns small-12\"><div class=\"kc-col-container\"><div class=\"kc-elm kc-css-987186 kc_shortcode kc_single_image\">\n\n        <a  href=\"https:\/\/app.metapresence.it\/metaverse\/join-room?metaSpaceId=a2665d30-b7ab-4a01-9a56-76c792aa58fa&amp;clientId=iis.site\" title=\"\" target=\"_self\">\n        <img src=\"https:\/\/www.scuolamonterisi.edu.it\/wp-content\/uploads\/2025\/12\/metaverso.jpg\" class=\"\" alt=\"\" \/>    <\/a>\n    <\/div>\n<\/div><\/div><\/div><\/div><\/div><div class=\"kc-elm kc-css-434552 kc-row-container module grey-bg\"><div class=\"wc-row row\"><div class=\"kc-wrap-columns\"><div class=\"kc-elm kc-css-760017 small-12 columns small-12\"><div class=\"kc-col-container\"><div class=\"kc-elm kc-css-58422 kc_text_block\"><\/p>\n<h3 style=\"text-align: center;\"><strong>LICEO &#8220;ALFANO I\"<\/strong><\/h3>\n<p>\n<\/div><div class=\"kc-elm kc-css-496825 kc_shortcode kc_single_image\">\n\n        <a  href=\"https:\/\/www.scuolamonterisi.edu.it\/index.php\/liceo-alfano-i\/\" title=\"\" target=\"_self\">\n        <img src=\"https:\/\/www.scuolamonterisi.edu.it\/wp-content\/uploads\/2024\/11\/alfano1.png\" class=\"\" alt=\"\" \/>    <\/a>\n    <\/div>\n<\/div><\/div><div class=\"kc-elm kc-css-915753 small-12 columns small-12\"><div class=\"kc-col-container\"><div class=\"kc-elm kc-css-263989 kc_text_block\"><\/p>\n<h3 style=\"text-align: center;\"><strong>LICEO &#8220;REGINA MARGHERITA\"<\/strong><\/h3>\n<p>\n<\/div><div class=\"kc-elm kc-css-138087 kc_shortcode kc_single_image\">\n\n        <a  href=\"https:\/\/www.scuolamonterisi.edu.it\/index.php\/liceo-regina-margherita\/\" title=\"\" target=\"_self\">\n        <img src=\"https:\/\/www.scuolamonterisi.edu.it\/wp-content\/uploads\/2024\/11\/reginamargherita.png\" class=\"\" alt=\"\" \/>    <\/a>\n    <\/div>\n<\/div><\/div><div class=\"kc-elm kc-css-794176 small-12 columns small-12\"><div class=\"kc-col-container\"><div class=\"kc-elm kc-css-198283 kc_text_block\"><\/p>\n<h3 style=\"text-align: center;\"><strong>IIS &#8220;GIOVANNI XXIII\"<\/strong><\/h3>\n<p>\n<\/div><div class=\"kc-elm kc-css-907258 kc_shortcode kc_single_image\">\n\n        <a  href=\"https:\/\/www.scuolamonterisi.edu.it\/index.php\/istituto-superiore-giovanni-xxiii\/\" title=\"\" target=\"_self\">\n        <img src=\"https:\/\/www.scuolamonterisi.edu.it\/wp-content\/uploads\/2024\/11\/Giovannni23.png\" class=\"\" alt=\"\" \/>    <\/a>\n    <\/div>\n<\/div><\/div><\/div><\/div><\/div><div class=\"kc-elm kc-css-520488 kc-row-container module grey-bg\"><div class=\"wc-row row\"><div class=\"kc-wrap-columns\"><div class=\"kc-elm kc-css-737732 small-12 columns small-12\"><div class=\"kc-col-container\"><div class=\"kc-elm kc-css-278125 kc_text_block\"><\/p>\n<h3 style=\"text-align: center;\"><strong>CONVITTO NAZIONALE<\/strong><\/h3>\n<p>\n<\/div><div class=\"kc-elm kc-css-91884 kc_shortcode kc_single_image\">\n\n        <a  href=\"https:\/\/www.scuolamonterisi.edu.it\/index.php\/convitto-nazionale-salerno\/\" title=\"\" target=\"_self\">\n        <img src=\"https:\/\/www.scuolamonterisi.edu.it\/wp-content\/uploads\/2024\/11\/Convitto-Nazionale-T.Tasso-LOGO_mod-Felice-Soriente.png\" class=\"\" alt=\"\" \/>    <\/a>\n    <\/div>\n<\/div><\/div><div class=\"kc-elm kc-css-599469 small-12 columns small-12\"><div class=\"kc-col-container\"><div class=\"kc-elm kc-css-835520 kc_text_block\"><\/p>\n<h3 style=\"text-align: center;\"><strong>LICEO &#8220;FRANCESCO SEVERI\"<\/strong><\/h3>\n<p>\n<\/div><div class=\"kc-elm kc-css-682118 kc_shortcode kc_single_image\">\n\n        <a  href=\"https:\/\/www.scuolamonterisi.edu.it\/index.php\/liceo-francesco-severi\/\" title=\"\" target=\"_self\">\n        <img src=\"https:\/\/www.scuolamonterisi.edu.it\/wp-content\/uploads\/2024\/11\/SEVERI.png\" class=\"\" alt=\"\" \/>    <\/a>\n    <\/div>\n<\/div><\/div><div class=\"kc-elm kc-css-707387 small-12 columns small-12\"><div class=\"kc-col-container\"><div class=\"kc-elm kc-css-510677 kc_text_block\"><\/p>\n<h3 style=\"text-align: center;\"><strong>LICEO &#8220;SABATINI MENNA\"<\/strong><\/h3>\n<p>\n<\/div><div class=\"kc-elm kc-css-138738 kc_shortcode kc_single_image\">\n\n        <a  href=\"https:\/\/www.scuolamonterisi.edu.it\/index.php\/liceo-sabatini-menna\/\" title=\"\" target=\"_self\">\n        <img src=\"https:\/\/www.scuolamonterisi.edu.it\/wp-content\/uploads\/2024\/11\/Menna.png\" class=\"\" alt=\"\" \/>    <\/a>\n    <\/div>\n<\/div><\/div><\/div><\/div><\/div><div class=\"kc-elm kc-css-95461 kc-row-container module grey-bg\"><div class=\"wc-row row\"><div class=\"kc-wrap-columns\"><div class=\"kc-elm kc-css-799846 small-12 columns small-12\"><div class=\"kc-col-container\"><div class=\"kc-elm kc-css-590200 kc_text_block\"><\/p>\n<h3 style=\"text-align: center;\"><strong>IIS &#8220;B.FOCACCIA\"<\/strong><\/h3>\n<p>\n<\/div><div class=\"kc-elm kc-css-653029 kc_shortcode kc_single_image\">\n\n        <a  href=\"https:\/\/www.scuolamonterisi.edu.it\/index.php\/istituto-superiore-b-focaccia\/\" title=\"\" target=\"_self\">\n        <img src=\"https:\/\/www.scuolamonterisi.edu.it\/wp-content\/uploads\/2024\/11\/focaccia.png\" class=\"\" alt=\"\" \/>    <\/a>\n    <\/div>\n<\/div><\/div><div class=\"kc-elm kc-css-382195 small-12 columns small-12\"><div class=\"kc-col-container\"><div class=\"kc-elm kc-css-215681 kc_text_block\"><\/p>\n<h3 style=\"text-align: center;\"><strong>IPSEOA &#8220;R.VIRTUOSO\"<\/strong><\/h3>\n<p>\n<\/div><div class=\"kc-elm kc-css-81333 kc_shortcode kc_single_image\">\n\n        <a  href=\"https:\/\/www.scuolamonterisi.edu.it\/index.php\/istituto-r-virtuoso\/\" title=\"\" target=\"_self\">\n        <img src=\"https:\/\/www.scuolamonterisi.edu.it\/wp-content\/uploads\/2024\/11\/VIRTUOSO.png\" class=\"\" alt=\"\" \/>    <\/a>\n    <\/div>\n<\/div><\/div><div class=\"kc-elm kc-css-596414 small-12 columns small-12\"><div class=\"kc-col-container\"><div class=\"kc-elm kc-css-165604 kc_text_block\"><\/p>\n<h3 style=\"text-align: center;\"><strong>IIS &#8220;GALILEI &#8211; DI PALO\"<\/strong><\/h3>\n<p>\n<\/div><div class=\"kc-elm kc-css-872441 kc_shortcode kc_single_image\">\n\n        <a  href=\"https:\/\/www.scuolamonterisi.edu.it\/index.php\/istituto-galilei-di-palo\/\" title=\"\" target=\"_self\">\n        <img src=\"https:\/\/www.scuolamonterisi.edu.it\/wp-content\/uploads\/2024\/12\/GALILEI2-Andrea-Vischi.png\" class=\"\" alt=\"\" \/>    <\/a>\n    <\/div>\n<\/div><\/div><\/div><\/div><\/div><div class=\"kc-elm kc-css-681056 kc-row-container module grey-bg\"><div class=\"wc-row row\"><div class=\"kc-wrap-columns\"><div class=\"kc-elm kc-css-883381 small-12 columns small-12\"><div class=\"kc-col-container\"><div class=\"kc-elm kc-css-938665 kc_text_block\"><\/p>\n<h3 style=\"text-align: center;\"><strong>IPSASR &#8220;PROFAGRI\"<\/strong><\/h3>\n<p>\n<\/div><div class=\"kc-elm kc-css-480948 kc_shortcode kc_single_image\">\n\n        <a  href=\"https:\/\/www.scuolamonterisi.edu.it\/index.php\/istituto-professionale-profagri\/\" title=\"\" target=\"_self\">\n        <img src=\"https:\/\/www.scuolamonterisi.edu.it\/wp-content\/uploads\/2024\/12\/PROFAGRI.png\" class=\"\" alt=\"\" \/>    <\/a>\n    <\/div>\n<\/div><\/div><div class=\"kc-elm kc-css-407378 small-12 columns small-12\"><div class=\"kc-col-container\"><div class=\"kc-elm kc-css-6202 kc_text_block\"><\/p>\n<h3 style=\"text-align: center;\"><strong>LICEO &#8220;F.DE SANCTIS\"<\/strong><\/h3>\n<p>\n<\/div><div class=\"kc-elm kc-css-13637 kc_shortcode kc_single_image\">\n\n        <a  href=\"https:\/\/www.scuolamonterisi.edu.it\/index.php\/liceo-f-de-sanctis\/\" title=\"\" target=\"_self\">\n        <img src=\"https:\/\/www.scuolamonterisi.edu.it\/wp-content\/uploads\/2024\/12\/desanctis.png\" class=\"\" alt=\"\" \/>    <\/a>\n    <\/div>\n<\/div><\/div><div class=\"kc-elm kc-css-627368 small-12 columns small-12\"><div class=\"kc-col-container\"><div class=\"kc-elm kc-css-307667 kc_text_block\"><\/p>\n<h3 style=\"text-align: center;\"><strong>IIS &#8220;S.CATERINA AMENDOLA\"<\/strong><\/h3>\n<p>\n<\/div><div class=\"kc-elm kc-css-579894 kc_shortcode kc_single_image\">\n\n        <a  href=\"https:\/\/www.scuolamonterisi.edu.it\/index.php\/istituto-santa-caterina-amendola\/\" title=\"\" target=\"_self\">\n        <img src=\"https:\/\/www.scuolamonterisi.edu.it\/wp-content\/uploads\/2025\/12\/SCA.png\" class=\"\" alt=\"\" \/>    <\/a>\n    <\/div>\n<\/div><\/div><\/div><\/div><\/div><\/p>\n","protected":false},"excerpt":{"rendered":"","protected":false},"author":1,"featured_media":0,"parent":153,"menu_order":0,"comment_status":"closed","ping_status":"closed","template":"template-modules.php","meta":[],"_links":{"self":[{"href":"https:\/\/www.scuolamonterisi.edu.it\/index.php\/wp-json\/wp\/v2\/pages\/1324"}],"collection":[{"href":"https:\/\/www.scuolamonterisi.edu.it\/index.php\/wp-json\/wp\/v2\/pages"}],"about":[{"href":"https:\/\/www.scuolamonterisi.edu.it\/index.php\/wp-json\/wp\/v2\/types\/page"}],"author":[{"embeddable":true,"href":"https:\/\/www.scuolamonterisi.edu.it\/index.php\/wp-json\/wp\/v2\/users\/1"}],"replies":[{"embeddable":true,"href":"https:\/\/www.scuolamonterisi.edu.it\/index.php\/wp-json\/wp\/v2\/comments?post=1324"}],"version-history":[{"count":75,"href":"https:\/\/www.scuolamonterisi.edu.it\/index.php\/wp-json\/wp\/v2\/pages\/1324\/revisions"}],"predecessor-version":[{"id":6298,"href":"https:\/\/www.scuolamonterisi.edu.it\/index.php\/wp-json\/wp\/v2\/pages\/1324\/revisions\/6298"}],"up":[{"embeddable":true,"href":"https:\/\/www.scuolamonterisi.edu.it\/index.php\/wp-json\/wp\/v2\/pages\/153"}],"wp:attachment":[{"href":"https:\/\/www.scuolamonterisi.edu.it\/index.php\/wp-json\/wp\/v2\/media?parent=1324"}],"curies":[{"name":"wp","href":"https:\/\/api.w.org\/{rel}","templated":true}]}}