{"id":188,"date":"2016-11-25T10:25:50","date_gmt":"2016-11-25T10:25:50","guid":{"rendered":"https:\/\/www.webfulcreations.com\/themes\/education\/?page_id=188"},"modified":"2024-12-03T22:00:13","modified_gmt":"2024-12-03T21:00:13","slug":"istituto","status":"publish","type":"page","link":"https:\/\/www.scuolamonterisi.edu.it\/index.php\/istituto\/","title":{"rendered":"Il nostro Istituto"},"content":{"rendered":"<p><div class=\"kc-elm kc-css-438455 kc-row-container module\"><div class=\"wc-row row\"><div class=\"kc-wrap-columns\"><div class=\"kc-elm kc-css-68205 small-12 columns small-12\"><div class=\"kc-col-container\"><div id=\"526224\" class=\"section-title-wrapper\"><div class=\"section-title\"><h2>breve presentazione del nostro Istituto e dei suoi plessi<\/h2><\/div><!-- Section title \/--><\/div><!-- Title Wrapper \/--><div class=\"kc-elm kc-css-97343 kc_shortcode kc_single_image\">\n\n        <img src=\"https:\/\/www.scuolamonterisi.edu.it\/wp-content\/uploads\/2024\/12\/MDM2024.png\" class=\"\" alt=\"\" \/>    <\/div>\n<\/div><\/div><\/div><\/div><\/div><div class=\"kc-elm kc-css-473327 kc-row-container module\"><div class=\"wc-row row\"><div class=\"kc-wrap-columns\"><div class=\"kc-elm kc-css-580624 small-12 columns small-12\"><div class=\"kc-col-container\"><div class=\"kc-elm kc-css-934357 kc_text_block\"><\/p>\n<p>Il Primo Settembre 2024 \u00e8 nato l\u2019Istituto Comprensivo &#8220;Monterisi &#8211; Don Milani\" che ingloba due storiche scuole salernitane del quartiere Pastena, la Scuola Secondaria di Primo grado ad indirizzo musicale &#8220;<i>Nicola Monterisi\"<\/i> e la Scuola Primaria &#8220;<em>Don Milani<\/em><i>&#8220;<\/i>, con annessa Scuola dell\u2019infanzia.<\/p>\n<p>La Scuola Secondaria di primo grado Monterisi, all\u2019avanguardia per prestigio e riconoscimento, \u00e8 stata molto lieta di accogliere nuovi alunni e validi team di docenti da coinvolgere nella progettazione comune di rinnovati curricula verticali, volti all\u2019innovazione, ma anche alla valorizzazione di risultati e successi, nell\u2019impegno di rispondere alle nuove sfide del tempo per sempre nuovi traguardi.<br \/>Con il nuovo istituto comprensivo si arricchisce ulteriormente la gi\u00e0 significativa pluralit\u00e0 di offerta formativa, sensibile alle grandi tematiche contemporanee dell\u2019innovazione sulle scelte educative e didattiche e che ha interessato anche il rinnovo delle attrezzature digitali e degli arredi scolastici.<\/p>\n<p>L\u2019orgoglio della propria cifra distintiva identificatasi negli anni nell\u2019insegnamento dei tanti strumenti musicali \u2013 ben 13, Arpa, Clarinetto, Chitarra, Corno, Fagotto, Flauto, Oboe, Percussioni, Pianoforte, Sassofono, Tromba, Violino, Violoncello che ha consentito l\u2019attivit\u00e0 ormai ventennale di un\u2019Orchestra Sinfonica stabile, di un\u2019Orchestra Fiati, di un ensemble Jazz e di un Coro, anch\u2019esso stabile, ha gi\u00e0 prodotto idee progettuali che vedono il coinvolgimento nella formazione musicale degli allievi pi\u00f9 piccoli della Scuola Primaria e dell\u2019Infanzia.<\/p>\n<p>La particolare attenzione alle radici tradizionali confermata dalla scelta dell\u2019insegnamento del latino in tutte le classi della scuola secondaria \u00e8 affiancata dall\u2019apertura alle moderne lingue europee studiate (inglese, francese e spagnolo, con due sezioni con insegnamento di inglese potenziato), e vede gi\u00e0 l\u2019estensione dell\u2019insegnamento dell\u2019Inglese alle scuole annesse attraverso la creazione in continuit\u00e0 di specifici progetti.<span class=\"Apple-converted-space\">\u00a0<\/span><\/p>\n<p>\n<\/div><div class=\"kc-elm kc-css-90459 kc_shortcode kc_single_image\">\n\n        <img src=\"https:\/\/www.scuolamonterisi.edu.it\/wp-content\/uploads\/2020\/12\/2-7.jpg\" class=\"\" alt=\"\" \/>    <\/div>\n<div class=\"kc-elm kc-css-178217 kc_text_block\"><\/p>\n<p>L\u2019edificio principale e sede centrale, che ospita gli uffici di segreteria e la dirigenza scolastica, \u00e8 ubicato in via Loria; \u00e8 costituito da 35 classi di scuola secondaria di primo grado, suddivise in 13 sezioni, di cui la met\u00e0 ad indirizzo musicale, il quale prevede nel curricolo l\u2019aggiunta all\u2019orario comune di 30 ore su 5 giorni settimanali, di tre ore pomeridiane settimanali di lezione individuale di strumento musicale e attivit\u00e0 di musica d\u2019insieme. Le sezioni ad indirizzo ordinario godono anch\u2019esse di un\u2019offerta formativa ricca e articolata grazie a un corpo docente motivato e alle risorse tecnologiche e laboratoriali di cui gode la scuola.\u00a0<\/p>\n<p>Entrambi i plessi, recentemente ristrutturati, sono dotati di laboratori e biblioteca. Tutte le classi utilizzano Lavagne Interattive Multimediali, attualissimi Monitor Interattivi 65\" oltre a Notebook e Tablet.<\/p>\n<p>Sono attivi Laboratori informatici, linguistico, artistico e di ceramica, scientifico, matematico, inclusione, musicale.<\/p>\n<p>Sono presenti un\u2019aula Magna per conferenze e proiezioni, due palestre coperte e campi all\u2019aperto.<\/p>\n<p>La sede usufruisce di connessione Fibra ultraveloce e di connessione LAN e Wi-Fi per tutti gli ambienti didattici<\/p>\n<p>\n<\/div><div class=\"kc-elm kc-css-190800 kc_shortcode kc_single_image\">\n\n        <img src=\"https:\/\/www.scuolamonterisi.edu.it\/wp-content\/uploads\/2024\/12\/donmilani-scaled.jpg\" class=\"\" alt=\"\" \/>    <\/div>\n<div class=\"kc-elm kc-css-175144 kc_text_block\"><\/p>\n<p>Il plesso Don Milani ospita attualmente 6 classi della scuola secondaria di primo grado, 6 sezioni di Scuola dell\u2019Infanzia con orario sia completo che ridotto (40 e 25 ore su 5 giorni) e 16 classi di Scuola Primaria con orario di 27 ore distribuite su 5 giorni; esso \u00e8 dotato di 27 ambienti didattici, di un laboratorio informatico multimediale e di un ambiente mensa. Il plesso usufruisce di connessione Fibra ultraveloce e di connessione Wi-Fi per tutti gli ambienti didattici<\/p>\n<p>\n<\/div><\/div><\/div><div class=\"kc-elm kc-css-217659 small-12 columns small-12\"><div class=\"kc-col-container\"><div id=\"185175\" class=\"icon-box\"><div class=\"icon-side float-left\"><i class=\"fa sl-feed\" aria-hidden=\"true\"><\/i>\n\t\t\t\t\t<\/div>\n\t\t\t\t\t<div class=\"info-side float-left\"><p><strong>Fibra Ultraveloce<\/strong><br>L'istituto \u00e8 connesso ad internet con connessione ultraveloce usufruibile in tutti gli ambienti didattici con connessione LAN e WiFi<\/p>\n\t\t\t\t\t<\/div>\n\t\t\t\t\t<div class=\"clearfix\"><\/div>\n\t\t\t\t<\/div><div id=\"653228\" class=\"icon-box\"><div class=\"icon-side float-left\"><i class=\"fa sl-shield\" aria-hidden=\"true\"><\/i>\n\t\t\t\t\t<\/div>\n\t\t\t\t\t<div class=\"info-side float-left\"><p><strong>Connessione Protetta<\/strong><br>La navigazione ad uso didattico \u00e8 protetta tramite apposito software di filtraggio dei contenuti<\/p>\n\t\t\t\t\t<\/div>\n\t\t\t\t\t<div class=\"clearfix\"><\/div>\n\t\t\t\t<\/div><div id=\"381255\" class=\"icon-box\"><div class=\"icon-side float-left\"><i class=\"fa et-laptop\" aria-hidden=\"true\"><\/i>\n\t\t\t\t\t<\/div>\n\t\t\t\t\t<div class=\"info-side float-left\"><p><strong>Dotazioni Digitali<\/strong><br>Tutti gli ambienti sono forniti di supporti tecnologici utili alla didattica costantemente rinnovati<\/p>\n\t\t\t\t\t<\/div>\n\t\t\t\t\t<div class=\"clearfix\"><\/div>\n\t\t\t\t<\/div><div id=\"441089\" class=\"icon-box\"><div class=\"icon-side float-left\"><i class=\"fa fa-book\" aria-hidden=\"true\"><\/i>\n\t\t\t\t\t<\/div>\n\t\t\t\t\t<div class=\"info-side float-left\"><p><strong>Biblioteca<\/strong><br>Nella sede centrale \u00e8 presente una rinnovata Biblioteca Scolastica per la lettura, consultazione di testi e prestito<\/p>\n\t\t\t\t\t<\/div>\n\t\t\t\t\t<div class=\"clearfix\"><\/div>\n\t\t\t\t<\/div><div id=\"610686\" class=\"icon-box\"><div class=\"icon-side float-left\"><i class=\"fa fa-volleyball-ball\" aria-hidden=\"true\"><\/i>\n\t\t\t\t\t<\/div>\n\t\t\t\t\t<div class=\"info-side float-left\"><p><strong>Palestre<\/strong><br>Due Palestre coperte attrezzate per sport di squadra e spazi all'aperto utili alla pratica sportiva<\/p>\n\t\t\t\t\t<\/div>\n\t\t\t\t\t<div class=\"clearfix\"><\/div>\n\t\t\t\t<\/div><div id=\"863103\" class=\"icon-box\"><div class=\"icon-side float-left\"><i class=\"fa fa-music\" aria-hidden=\"true\"><\/i>\n\t\t\t\t\t<\/div>\n\t\t\t\t\t<div class=\"info-side float-left\"><p><strong>Strumenti Musicali<\/strong><br>La scuola \u00e8 dotata di tutti gli strumenti musicali delle 12 discipline attive in organico di diritto. Gli strumenti sono utilizzati per la pratica individuale e della musica di insieme. In caso di necessit\u00e0 gli stessi possono essere rilasciati in comodato gratuito agli allievi<\/p>\n\t\t\t\t\t<\/div>\n\t\t\t\t\t<div class=\"clearfix\"><\/div>\n\t\t\t\t<\/div><div id=\"764647\" class=\"icon-box\"><div class=\"icon-side float-left\"><i class=\"fa fa-building\" aria-hidden=\"true\"><\/i>\n\t\t\t\t\t<\/div>\n\t\t\t\t\t<div class=\"info-side float-left\"><p><strong>Laboratori<\/strong><br>Nei plessi sono presenti laboratori attrezzati per le lingue, l'informatica, l'inclusione, l'arte, la matematica, le scienze, la musica<\/p>\n\t\t\t\t\t<\/div>\n\t\t\t\t\t<div class=\"clearfix\"><\/div>\n\t\t\t\t<\/div><\/div><\/div><\/div><\/div><\/div><div class=\"kc-elm kc-css-386957 kc-row-container module transparent-background\"><div class=\"wc-row row\"><div class=\"kc-wrap-columns\"><div class=\"kc-elm kc-css-586146 small-12 columns small-12\"><div class=\"kc-col-container\"><div id=\"935565\" class=\"section-title-wrapper\"><div class=\"section-title\"><h2>TOUR VIRTUALE<\/h2><p>visita i nostri ambienti didattici<\/p><\/div><!-- Section title \/--><\/div><!-- Title Wrapper \/--><div class=\"kc-elm kc-css-226285 kc-raw-code\"><iframe width=\"100%\" height=\"640\" style=\"width: 100%; height: 640px; border: none; max-width: 100%;\" frameborder=\"0\" allowfullscreen allow=\"xr-spatial-tracking; gyroscope; accelerometer\" scrolling=\"no\" src=\"https:\/\/kuula.co\/share\/collection\/7PWqK?fs=1&vr=1&zoom=1&sd=1&initload=0&thumbs=1&inst=it&info=0&logo=-1\"><\/iframe><\/div><\/div><\/div><\/div><\/div><\/div><div class=\"kc-elm kc-css-13490 kc-row-container module\"><div class=\"wc-row row\"><div class=\"kc-wrap-columns\"><div class=\"kc-elm kc-css-627533 small-12 columns small-12\"><div class=\"kc-col-container\"><div id=\"97008\" class=\"icon-box\"><div class=\"icon-side float-left\"><i class=\"fa fa-heart\" aria-hidden=\"true\"><\/i>\n\t\t\t\t\t<\/div>\n\t\t\t\t\t<div class=\"info-side float-left\"><p><strong>Perch\u00e9 studiare da noi?<\/strong><br>Per poter usufruire della pi\u00f9 ampia offerta formativa possibile<\/p>\n\t\t\t\t\t<\/div>\n\t\t\t\t\t<div class=\"clearfix\"><\/div>\n\t\t\t\t<\/div><\/div><\/div><div class=\"kc-elm kc-css-379388 small-12 columns small-12\"><div class=\"kc-col-container\"><div id=\"812251\" class=\"icon-box\"><div class=\"icon-side float-left\"><i class=\"fa et-laptop\" aria-hidden=\"true\"><\/i>\n\t\t\t\t\t<\/div>\n\t\t\t\t\t<div class=\"info-side float-left\"><p><strong>Innovazione tecnologica<\/strong><br>Aggiorniamo costantemente le nostre dotazioni digitali per aiutare la tua formazione<\/p>\n\t\t\t\t\t<\/div>\n\t\t\t\t\t<div class=\"clearfix\"><\/div>\n\t\t\t\t<\/div><\/div><\/div><div class=\"kc-elm kc-css-969176 small-12 columns small-12\"><div class=\"kc-col-container\"><div id=\"694957\" class=\"icon-box\"><div class=\"icon-side float-left\"><i class=\"fa fa-user\" aria-hidden=\"true\"><\/i>\n\t\t\t\t\t<\/div>\n\t\t\t\t\t<div class=\"info-side float-left\"><p><strong>Personale qualificato<\/strong><br>la scuola vanta corpo docente stabile e costantemente aggiornato<\/p>\n\t\t\t\t\t<\/div>\n\t\t\t\t\t<div class=\"clearfix\"><\/div>\n\t\t\t\t<\/div><\/div><\/div><div class=\"kc-elm kc-css-103957 small-12 columns small-12\"><div class=\"kc-col-container\"><div id=\"29521\" class=\"icon-box\"><div class=\"icon-side float-left\"><i class=\"fa sl-music-tone-alt\" aria-hidden=\"true\"><\/i>\n\t\t\t\t\t<\/div>\n\t\t\t\t\t<div class=\"info-side float-left\"><p><strong>Indirizzo Musicale<\/strong><br>grazie al suo organico di diritto e alla professionalit\u00e0 comprovata da anni la scuola \u00e8 un'eccellenza riconosciuta in tutta Italia<\/p>\n\t\t\t\t\t<\/div>\n\t\t\t\t\t<div class=\"clearfix\"><\/div>\n\t\t\t\t<\/div><\/div><\/div><\/div><\/div><\/div><\/p>\n","protected":false},"excerpt":{"rendered":"","protected":false},"author":1,"featured_media":0,"parent":0,"menu_order":0,"comment_status":"closed","ping_status":"closed","template":"template-modules.php","meta":[],"_links":{"self":[{"href":"https:\/\/www.scuolamonterisi.edu.it\/index.php\/wp-json\/wp\/v2\/pages\/188"}],"collection":[{"href":"https:\/\/www.scuolamonterisi.edu.it\/index.php\/wp-json\/wp\/v2\/pages"}],"about":[{"href":"https:\/\/www.scuolamonterisi.edu.it\/index.php\/wp-json\/wp\/v2\/types\/page"}],"author":[{"embeddable":true,"href":"https:\/\/www.scuolamonterisi.edu.it\/index.php\/wp-json\/wp\/v2\/users\/1"}],"replies":[{"embeddable":true,"href":"https:\/\/www.scuolamonterisi.edu.it\/index.php\/wp-json\/wp\/v2\/comments?post=188"}],"version-history":[{"count":7,"href":"https:\/\/www.scuolamonterisi.edu.it\/index.php\/wp-json\/wp\/v2\/pages\/188\/revisions"}],"predecessor-version":[{"id":5627,"href":"https:\/\/www.scuolamonterisi.edu.it\/index.php\/wp-json\/wp\/v2\/pages\/188\/revisions\/5627"}],"wp:attachment":[{"href":"https:\/\/www.scuolamonterisi.edu.it\/index.php\/wp-json\/wp\/v2\/media?parent=188"}],"curies":[{"name":"wp","href":"https:\/\/api.w.org\/{rel}","templated":true}]}}

<p><div class="kc-elm kc-css-438455 kc-row-container module"><div class="wc-row row"><div class="kc-wrap-columns"><div class="kc-elm kc-css-68205 small-12 columns small-12"><div class="kc-col-container"><div id="526224" class="section-title-wrapper"><div class="section-title"><h2>breve presentazione del nostro Istituto e dei suoi plessi</h2></div><!-- Section title /--></div><!-- Title Wrapper /--><div class="kc-elm kc-css-97343 kc_shortcode kc_single_image">

        <img src="https://www.scuolamonterisi.edu.it/wp-content/uploads/2024/12/MDM2024.png" class="" alt="" />    </div>
</div></div></div></div></div><div class="kc-elm kc-css-473327 kc-row-container module"><div class="wc-row row"><div class="kc-wrap-columns"><div class="kc-elm kc-css-580624 small-12 columns small-12"><div class="kc-col-container"><div class="kc-elm kc-css-934357 kc_text_block"></p>
<p>Il Primo Settembre 2024 è nato l’Istituto Comprensivo &#8220;Monterisi &#8211; Don Milani" che ingloba due storiche scuole salernitane del quartiere Pastena, la Scuola Secondaria di Primo grado ad indirizzo musicale &#8220;<i>Nicola Monterisi"</i> e la Scuola Primaria &#8220;<em>Don Milani</em><i>&#8220;</i>, con annessa Scuola dell’infanzia.</p>
<p>La Scuola Secondaria di primo grado Monterisi, all’avanguardia per prestigio e riconoscimento, è stata molto lieta di accogliere nuovi alunni e validi team di docenti da coinvolgere nella progettazione comune di rinnovati curricula verticali, volti all’innovazione, ma anche alla valorizzazione di risultati e successi, nell’impegno di rispondere alle nuove sfide del tempo per sempre nuovi traguardi.<br />Con il nuovo istituto comprensivo si arricchisce ulteriormente la già significativa pluralità di offerta formativa, sensibile alle grandi tematiche contemporanee dell’innovazione sulle scelte educative e didattiche e che ha interessato anche il rinnovo delle attrezzature digitali e degli arredi scolastici.</p>
<p>L’orgoglio della propria cifra distintiva identificatasi negli anni nell’insegnamento dei tanti strumenti musicali – ben 13, Arpa, Clarinetto, Chitarra, Corno, Fagotto, Flauto, Oboe, Percussioni, Pianoforte, Sassofono, Tromba, Violino, Violoncello che ha consentito l’attività ormai ventennale di un’Orchestra Sinfonica stabile, di un’Orchestra Fiati, di un ensemble Jazz e di un Coro, anch’esso stabile, ha già prodotto idee progettuali che vedono il coinvolgimento nella formazione musicale degli allievi più piccoli della Scuola Primaria e dell’Infanzia.</p>
<p>La particolare attenzione alle radici tradizionali confermata dalla scelta dell’insegnamento del latino in tutte le classi della scuola secondaria è affiancata dall’apertura alle moderne lingue europee studiate (inglese, francese e spagnolo, con due sezioni con insegnamento di inglese potenziato), e vede già l’estensione dell’insegnamento dell’Inglese alle scuole annesse attraverso la creazione in continuità di specifici progetti.<span class="Apple-converted-space"> </span></p>
<p>
</div><div class="kc-elm kc-css-90459 kc_shortcode kc_single_image">

        <img src="https://www.scuolamonterisi.edu.it/wp-content/uploads/2020/12/2-7.jpg" class="" alt="" />    </div>
<div class="kc-elm kc-css-178217 kc_text_block"></p>
<p>L’edificio principale e sede centrale, che ospita gli uffici di segreteria e la dirigenza scolastica, è ubicato in via Loria; è costituito da 35 classi di scuola secondaria di primo grado, suddivise in 13 sezioni, di cui la metà ad indirizzo musicale, il quale prevede nel curricolo l’aggiunta all’orario comune di 30 ore su 5 giorni settimanali, di tre ore pomeridiane settimanali di lezione individuale di strumento musicale e attività di musica d’insieme. Le sezioni ad indirizzo ordinario godono anch’esse di un’offerta formativa ricca e articolata grazie a un corpo docente motivato e alle risorse tecnologiche e laboratoriali di cui gode la scuola. </p>
<p>Entrambi i plessi, recentemente ristrutturati, sono dotati di laboratori e biblioteca. Tutte le classi utilizzano Lavagne Interattive Multimediali, attualissimi Monitor Interattivi 65" oltre a Notebook e Tablet.</p>
<p>Sono attivi Laboratori informatici, linguistico, artistico e di ceramica, scientifico, matematico, inclusione, musicale.</p>
<p>Sono presenti un’aula Magna per conferenze e proiezioni, due palestre coperte e campi all’aperto.</p>
<p>La sede usufruisce di connessione Fibra ultraveloce e di connessione LAN e Wi-Fi per tutti gli ambienti didattici</p>
<p>
</div><div class="kc-elm kc-css-190800 kc_shortcode kc_single_image">

        <img src="https://www.scuolamonterisi.edu.it/wp-content/uploads/2024/12/donmilani-scaled.jpg" class="" alt="" />    </div>
<div class="kc-elm kc-css-175144 kc_text_block"></p>
<p>Il plesso Don Milani ospita attualmente 6 classi della scuola secondaria di primo grado, 6 sezioni di Scuola dell’Infanzia con orario sia completo che ridotto (40 e 25 ore su 5 giorni) e 16 classi di Scuola Primaria con orario di 27 ore distribuite su 5 giorni; esso è dotato di 27 ambienti didattici, di un laboratorio informatico multimediale e di un ambiente mensa. Il plesso usufruisce di connessione Fibra ultraveloce e di connessione Wi-Fi per tutti gli ambienti didattici</p>
<p>
</div></div></div><div class="kc-elm kc-css-217659 small-12 columns small-12"><div class="kc-col-container"><div id="185175" class="icon-box"><div class="icon-side float-left"><i class="fa sl-feed" aria-hidden="true"></i>
					</div>
					<div class="info-side float-left"><p><strong>Fibra Ultraveloce</strong><br>L'istituto è connesso ad internet con connessione ultraveloce usufruibile in tutti gli ambienti didattici con connessione LAN e WiFi</p>
					</div>
					<div class="clearfix"></div>
				</div><div id="653228" class="icon-box"><div class="icon-side float-left"><i class="fa sl-shield" aria-hidden="true"></i>
					</div>
					<div class="info-side float-left"><p><strong>Connessione Protetta</strong><br>La navigazione ad uso didattico è protetta tramite apposito software di filtraggio dei contenuti</p>
					</div>
					<div class="clearfix"></div>
				</div><div id="381255" class="icon-box"><div class="icon-side float-left"><i class="fa et-laptop" aria-hidden="true"></i>
					</div>
					<div class="info-side float-left"><p><strong>Dotazioni Digitali</strong><br>Tutti gli ambienti sono forniti di supporti tecnologici utili alla didattica costantemente rinnovati</p>
					</div>
					<div class="clearfix"></div>
				</div><div id="441089" class="icon-box"><div class="icon-side float-left"><i class="fa fa-book" aria-hidden="true"></i>
					</div>
					<div class="info-side float-left"><p><strong>Biblioteca</strong><br>Nella sede centrale è presente una rinnovata Biblioteca Scolastica per la lettura, consultazione di testi e prestito</p>
					</div>
					<div class="clearfix"></div>
				</div><div id="610686" class="icon-box"><div class="icon-side float-left"><i class="fa fa-volleyball-ball" aria-hidden="true"></i>
					</div>
					<div class="info-side float-left"><p><strong>Palestre</strong><br>Due Palestre coperte attrezzate per sport di squadra e spazi all'aperto utili alla pratica sportiva</p>
					</div>
					<div class="clearfix"></div>
				</div><div id="863103" class="icon-box"><div class="icon-side float-left"><i class="fa fa-music" aria-hidden="true"></i>
					</div>
					<div class="info-side float-left"><p><strong>Strumenti Musicali</strong><br>La scuola è dotata di tutti gli strumenti musicali delle 12 discipline attive in organico di diritto. Gli strumenti sono utilizzati per la pratica individuale e della musica di insieme. In caso di necessità gli stessi possono essere rilasciati in comodato gratuito agli allievi</p>
					</div>
					<div class="clearfix"></div>
				</div><div id="764647" class="icon-box"><div class="icon-side float-left"><i class="fa fa-building" aria-hidden="true"></i>
					</div>
					<div class="info-side float-left"><p><strong>Laboratori</strong><br>Nei plessi sono presenti laboratori attrezzati per le lingue, l'informatica, l'inclusione, l'arte, la matematica, le scienze, la musica</p>
					</div>
					<div class="clearfix"></div>
				</div></div></div></div></div></div><div class="kc-elm kc-css-386957 kc-row-container module transparent-background"><div class="wc-row row"><div class="kc-wrap-columns"><div class="kc-elm kc-css-586146 small-12 columns small-12"><div class="kc-col-container"><div id="935565" class="section-title-wrapper"><div class="section-title"><h2>TOUR VIRTUALE</h2><p>visita i nostri ambienti didattici</p></div><!-- Section title /--></div><!-- Title Wrapper /--><div class="kc-elm kc-css-226285 kc-raw-code"><iframe width="100%" height="640" style="width: 100%; height: 640px; border: none; max-width: 100%;" frameborder="0" allowfullscreen allow="xr-spatial-tracking; gyroscope; accelerometer" scrolling="no" src="https://kuula.co/share/collection/7PWqK?fs=1&vr=1&zoom=1&sd=1&initload=0&thumbs=1&inst=it&info=0&logo=-1"></iframe></div></div></div></div></div></div><div class="kc-elm kc-css-13490 kc-row-container module"><div class="wc-row row"><div class="kc-wrap-columns"><div class="kc-elm kc-css-627533 small-12 columns small-12"><div class="kc-col-container"><div id="97008" class="icon-box"><div class="icon-side float-left"><i class="fa fa-heart" aria-hidden="true"></i>
					</div>
					<div class="info-side float-left"><p><strong>Perché studiare da noi?</strong><br>Per poter usufruire della più ampia offerta formativa possibile</p>
					</div>
					<div class="clearfix"></div>
				</div></div></div><div class="kc-elm kc-css-379388 small-12 columns small-12"><div class="kc-col-container"><div id="812251" class="icon-box"><div class="icon-side float-left"><i class="fa et-laptop" aria-hidden="true"></i>
					</div>
					<div class="info-side float-left"><p><strong>Innovazione tecnologica</strong><br>Aggiorniamo costantemente le nostre dotazioni digitali per aiutare la tua formazione</p>
					</div>
					<div class="clearfix"></div>
				</div></div></div><div class="kc-elm kc-css-969176 small-12 columns small-12"><div class="kc-col-container"><div id="694957" class="icon-box"><div class="icon-side float-left"><i class="fa fa-user" aria-hidden="true"></i>
					</div>
					<div class="info-side float-left"><p><strong>Personale qualificato</strong><br>la scuola vanta corpo docente stabile e costantemente aggiornato</p>
					</div>
					<div class="clearfix"></div>
				</div></div></div><div class="kc-elm kc-css-103957 small-12 columns small-12"><div class="kc-col-container"><div id="29521" class="icon-box"><div class="icon-side float-left"><i class="fa sl-music-tone-alt" aria-hidden="true"></i>
					</div>
					<div class="info-side float-left"><p><strong>Indirizzo Musicale</strong><br>grazie al suo organico di diritto e alla professionalità comprovata da anni la scuola è un'eccellenza riconosciuta in tutta Italia</p>
					</div>
					<div class="clearfix"></div>
				</div></div></div></div></div></div></p>
