{"id":2016,"date":"2021-01-31T19:59:36","date_gmt":"2021-01-31T18:59:36","guid":{"rendered":"https:\/\/www.scuolamonterisi.edu.it\/?page_id=2016"},"modified":"2021-01-31T20:07:18","modified_gmt":"2021-01-31T19:07:18","slug":"regolamento-palestre","status":"publish","type":"page","link":"https:\/\/www.scuolamonterisi.edu.it\/index.php\/home\/regolamento-palestre\/","title":{"rendered":"Regolamento Palestre"},"content":{"rendered":"<p><div class=\"kc-elm kc-css-157919 kc-row-container module\"><div class=\"wc-row row\"><div class=\"kc-wrap-columns\"><div class=\"kc-elm kc-css-159391 small-12 columns small-12\"><div class=\"kc-col-container\"><div id=\"482950\" class=\"section-title-wrapper\"><div class=\"section-title\"><h2>REGOLAMENTO UTILIZZO PALESTRE PER LE ATTIVIT\u00c0 MOTORIE  <\/h2><p>REGOLE ANTI-COVID 19 - DISPOSIZIONI del Dirigente Scolastico \r\n<\/p><\/div><!-- Section title \/--><\/div><!-- Title Wrapper \/--><div class=\"kc-elm kc-css-540532 kc_text_block\"><\/p>\n<p style=\"text-align: center;\">&nbsp;(approvato dal Consiglio d\u2019Istituto nella seduta del 30 settembre 2021)<\/p>\n<p style=\"text-align: center;\">PREMESSA<\/p>\n<p>&nbsp;&nbsp;&nbsp;&nbsp; La comunit\u00e0 scolastica \u00e8 tenuta a prendere visione e a rispettare il presente Regolamento che ingloba ed integra le disposizioni inerenti le attivit\u00e0 motorie gi\u00e0 contenute nel \u201cRegolamento delle misure anti covid a.s. 2021\/2022\u201d di seguito riportate:<\/p>\n<p>\u201cPer le attivit\u00e0 Motorie sar\u00e0 garantito un distanziamento interpersonale tra gli allievi di almeno 2 m ed altrettanto tra gli Allievi e il Docente, sar\u00e0 pertanto possibile accedere alle palestre con max 2 classi alla volta. Sono da preferire le attivit\u00e0 fisiche individuali; per gli sport di squadra ci si dovr\u00e0 attenere ai protocolli delle Federazioni Sportive e in ogni caso dovr\u00e0 essere garantita comunque una distanza di due metri tra ciascun alunno. Qualora la classe utilizzi degli attrezzi, questi saranno disinfettati prima del loro utilizzo da parte di un\u2019altra classe. Allo scopo di consentire la pulizia della palestra tra una classe e l\u2019altra, le classi rientreranno in aula 10 minuti prima del termine; i restanti minuti saranno svolti in aula e saranno dedicati ad attivit\u00e0 teoriche. L\u2019utilizzo degli spogliatoi potr\u00e0 avvenire nel rispetto del distanziamento all\u2019interno dello spogliatoio medesimo; gli alunni dovranno riporre i propri abiti all\u2019interno di una propria sacca o zaino.\u201d<\/p>\n<p>&nbsp;&nbsp; Le famiglie degli alunni sono chiamate alla massima collaborazione nel monitoraggio dello stato di salute dei loro figli e di tutti i loro componenti della famiglia, nel rispetto delle norme vigenti, in particolare per la supervisione del materiale sportivo e delle norme igienico \u2013 sanitarie richieste.<\/p>\n<p>Nello specifico:<\/p>\n<ul>\n<li>Per motivi di igiene e per consentire le dovute operazioni di pulizia e igienizzazione della palestra e dei locali annessi (spogliatoi e bagni) tra una lezione e l\u2019altra, le lezioni di Scienze Motorie termineranno 10 minuti prima della fine della lezione; i restanti minuti saranno svolti in aula e saranno dedicati ad attivit\u00e0 teoriche, per consentire ai collaboratori scolastici di effettuare le pulizie e l\u2019igienizzazione dei locali usati durante l\u2019attivit\u00e0 fisica svolta dalla classe precedente (palestra, spogliatoi, bagni, corridoi di comunicazione tra i locali interessati alle attivit\u00e0).<\/li>\n<li>Durante le lezioni tenute in palestra, gli alunni dovranno rispettare sempre il distanziamento di 2 m dai compagni e dal docente.<\/li>\n<li>Il distanziamento di 2 metri sar\u00e0 contrassegnato in modo da utilizzare lo spazio disponibile secondo il layout delle palestre predisposto dal RSPP.<\/li>\n<li>Non \u00e8 consentito l\u2019accesso allo spogliatoio maschile\/ femminile a pi\u00f9 di 4 alunni per volta.<\/li>\n<li>Non \u00e8 consentito l\u2019accesso ai bagni maschili\/femminili a pi\u00f9 di n.1 alunno per volta.<\/li>\n<li>Dovr\u00e0 essere garantita prima dell\u2019accesso alla palestra una approfondita igienizzazione delle mani, dell\u2019attrezzatura e una adeguata aerazione naturale continua.<\/li>\n<li>Sono vietati i giochi di squadra e gli sport di gruppo, mentre sono da privilegiare le attivit\u00e0 fisiche sportive individuali che permettono il distanziamento fisico con esercizi a corpo libero o altro a discrezione del docente di Scienze Motorie.<\/li>\n<li>\u00c8 obbligatoria la disinfezione delle mani prima e alla fine delle attivit\u00e0 motorie; pertanto saranno disponibili dispenser con soluzioni idroalcoliche per l\u2019igiene delle mani.<\/li>\n<li>\u00c8 obbligatorio utilizzare scarpe dedicate esclusivamente alla palestra, distinte da quelle utilizzate nel tragitto casa \u2013 scuola.<\/li>\n<li>Durante il cambio per le lezioni di Scienze Motorie, gli studenti devono evitare accuratamente di mescolare gli abiti da riporre all\u2019interno di una propria sacca o zaino. Negli spogliatoi va tenuta la mascherina chirurgica.<\/li>\n<li>Il docente avr\u00e0 cura di pianificare e regolamentare gli ingressi negli spogliatoi e gli accessi in modo da evitare condizioni di assembramento e aggregazioni.<\/li>\n<li>Potr\u00e0 essere rilevata la temperatura corporea.<\/li>\n<li>Il docente di Scienze Motorie organizzer\u00e0 gli spazi negli spogliatoi in modo da assicurare le distanze di almeno 1 metro tra un alunno e l\u2019altro.<\/li>\n<li>Il docente di Scienze Motorie, durante la lezione, regolamenter\u00e0 i flussi, gli spazi di attesa, l\u2019accesso alle diverse aree, il posizionamento di attrezzi, anche delimitando le zone, al fine di garantire la distanza di sicurezza tra tutti i presenti.<\/li>\n<li>Dopo l\u2019utilizzo da parte di ogni singolo alunno, il docente assicura la disinfezione degli attrezzi usati.<\/li>\n<li>Gli attrezzi che non possono essere disinfettati non devono essere usati e devono essere collocati in appositi locali non accessibili agli alunni.<\/li>\n<li>I collaboratori scolastici garantiranno la frequente pulizia e disinfezione degli attrezzi anche pi\u00f9 volte al giorno (tra una lezione e l\u2019altra) e comunque la disinfezione degli spogliatoi e dei servizi igienici a fine giornata.<\/li>\n<li>Per la pulizia di tutti i locali i collaboratori scolastici faranno riferimento al Piano anti Covid 19 d\u2019Istituto.<\/li>\n<li>Non condividere borracce, bicchieri e bottiglie e non scambiare con altri utenti oggetti personali, asciugamani o altro.<\/li>\n<\/ul>\n<p>Si allegano piante delle palestre e orario delle classi con turnazioni di utilizzo delle stesse.<\/p>\n<p>Il presente regolamento \u00e8 diffuso sul sito web dell\u2019istituto e resta in vigore fino al perdurare dell\u2019emergenza epidemiologica da covid-19; potrebbe subire variazioni in base all\u2019evolversi dello stato di emergenza e della normativa a riguardo.<\/p>\n<p>\n<\/div><div class=\"kc-elm kc-css-391439 kc_shortcode kc_single_image\">\n\n        <a rel=\"prettyPhoto\" class=\"kc-pretty-photo\" href=\"https:\/\/www.scuolamonterisi.edu.it\/wp-content\/uploads\/2021\/01\/Schema-posizioni-alunni-in-palestra.jpg\" title=\"\" target=\"\">\n        <img src=\"https:\/\/www.scuolamonterisi.edu.it\/wp-content\/uploads\/2021\/01\/Schema-posizioni-alunni-in-palestra.jpg\" class=\"\" alt=\"\" \/>    <\/a>\n    <\/div>\n<div class=\"kc-elm kc-css-852796 kc_text_block\"><\/p>\n<h4 style=\"text-align: center;\"><strong>ORARIO CON I TURNI DELLO SVOLGIMENTO DELLE ATTIVITA&#039; MOTORIE<\/strong><\/h4>\n<p style=\"text-align: center;\">in verde le ore svolte in palestra in grigio le ore di teoria da svolgersi in aula<\/p>\n<p>\n<\/div><div class=\"kc-elm kc-css-925657 kc_shortcode kc_single_image\">\n\n        <a rel=\"prettyPhoto\" class=\"kc-pretty-photo\" href=\"https:\/\/www.scuolamonterisi.edu.it\/wp-content\/uploads\/2021\/09\/OrarioPalestre.jpg\" title=\"\" target=\"\">\n        <img src=\"https:\/\/www.scuolamonterisi.edu.it\/wp-content\/uploads\/2021\/09\/OrarioPalestre.jpg\" class=\"\" alt=\"\" \/>    <\/a>\n    <\/div>\n<\/div><\/div><\/div><\/div><\/div><div class=\"kc-elm kc-css-459793 kc-row-container module\"><div class=\"wc-row row\"><div class=\"kc-wrap-columns\"><div class=\"kc-elm kc-css-877700 small-12 columns small-12\"><div class=\"kc-col-container\"><\/div><\/div><\/div><\/div><\/div><\/p>\n","protected":false},"excerpt":{"rendered":"","protected":false},"author":1,"featured_media":0,"parent":623,"menu_order":0,"comment_status":"closed","ping_status":"closed","template":"template-modules.php","meta":[],"_links":{"self":[{"href":"https:\/\/www.scuolamonterisi.edu.it\/index.php\/wp-json\/wp\/v2\/pages\/2016"}],"collection":[{"href":"https:\/\/www.scuolamonterisi.edu.it\/index.php\/wp-json\/wp\/v2\/pages"}],"about":[{"href":"https:\/\/www.scuolamonterisi.edu.it\/index.php\/wp-json\/wp\/v2\/types\/page"}],"author":[{"embeddable":true,"href":"https:\/\/www.scuolamonterisi.edu.it\/index.php\/wp-json\/wp\/v2\/users\/1"}],"replies":[{"embeddable":true,"href":"https:\/\/www.scuolamonterisi.edu.it\/index.php\/wp-json\/wp\/v2\/comments?post=2016"}],"version-history":[{"count":3,"href":"https:\/\/www.scuolamonterisi.edu.it\/index.php\/wp-json\/wp\/v2\/pages\/2016\/revisions"}],"predecessor-version":[{"id":2020,"href":"https:\/\/www.scuolamonterisi.edu.it\/index.php\/wp-json\/wp\/v2\/pages\/2016\/revisions\/2020"}],"up":[{"embeddable":true,"href":"https:\/\/www.scuolamonterisi.edu.it\/index.php\/wp-json\/wp\/v2\/pages\/623"}],"wp:attachment":[{"href":"https:\/\/www.scuolamonterisi.edu.it\/index.php\/wp-json\/wp\/v2\/media?parent=2016"}],"curies":[{"name":"wp","href":"https:\/\/api.w.org\/{rel}","templated":true}]}}