{"id":6468,"date":"2026-01-21T10:57:57","date_gmt":"2026-01-21T09:57:57","guid":{"rendered":"https:\/\/www.scuolamonterisi.edu.it\/?page_id=6468"},"modified":"2026-02-10T09:26:09","modified_gmt":"2026-02-10T08:26:09","slug":"e-book","status":"publish","type":"page","link":"https:\/\/www.scuolamonterisi.edu.it\/index.php\/steam\/e-book\/","title":{"rendered":"E-BOOK"},"content":{"rendered":"<p><div class=\"kc-elm kc-css-326718 kc-row-container module\"><div class=\"wc-row row\"><div class=\"kc-wrap-columns\"><div class=\"kc-elm kc-css-647521 small-12 columns small-12\"><div class=\"kc-col-container\"><div id=\"151628\" class=\"section-title-wrapper\"><div class=\"section-title\"><h2>E-Book<\/h2><p>esperienze e riflessioni<\/p><\/div><!-- Section title \/--><\/div><!-- Title Wrapper \/--><div class=\"kc-elm kc-css-692250 kc_text_block\"><\/p>\n<p class=\"MsoNormal\" style=\"margin: 0cm; font-size: 12pt; font-family: Calibri, sans-serif; color: #000000; text-align: justify;\"><span style=\"font-size: 14pt; font-family: Montserrat;\">In questa sezione sono disponibili\u00a0ebook scaricabili, dedicati a progetti, percorsi didattici, esperienze e riflessioni nate in ambito STEAM.<\/span><\/p>\n<p class=\"MsoNormal\" style=\"margin: 0cm; font-size: 12pt; font-family: Calibri, sans-serif; color: #000000; text-align: justify;\"><span style=\"font-size: 14pt; font-family: Montserrat;\">Ogni ebook \u00e8 accompagnato da una breve descrizione e da una copertina di anteprima, per facilitare la consultazione e la scelta dei contenuti.<br \/>Scrivere, progettare e pubblicare diventa cos\u00ec parte integrante del percorso educativo.<\/span><\/p>\n<p class=\"MsoNormal\" style=\"margin: 0cm; font-size: 12pt; font-family: Calibri, sans-serif; color: #000000; text-align: justify;\"><span style=\"font-size: 14pt; font-family: Montserrat;\">Tutti gli ebook sono\u00a0liberamente consultabili e scaricabili, pensati per stimolare curiosit\u00e0, approfondimento e condivisione del sapere.<\/span><\/p>\n<p class=\"MsoNormal\" style=\"margin: 0cm; font-size: 12pt; font-family: Calibri, sans-serif; color: #000000; text-align: justify;\"><span style=\"font-size: 14pt; font-family: Montserrat;\">\u00a0<\/span><\/p>\n<p class=\"MsoNormal\" style=\"margin: 0cm; font-size: 12pt; font-family: Calibri, sans-serif; color: #000000; text-align: justify;\"><span style=\"font-size: 14pt; font-family: Montserrat;\">\u00a0<\/span><\/p>\n<p>\n<\/div><\/div><\/div><\/div><\/div><\/div><div class=\"kc-elm kc-css-224388 kc-row-container module transparent-background\"><div class=\"wc-row row\"><div class=\"kc-wrap-columns\"><div class=\"kc-elm kc-css-186635 small-12 columns small-12\"><div class=\"kc-col-container\"><div class=\"kc-elm kc-css-961372 kc_shortcode kc_single_image\">\n\n        <a  href=\"https:\/\/drive.google.com\/file\/d\/1vOYNu9n5K05V-TfywA26ztVllVlD6mTG\/view?usp=sharing\" title=\"\" target=\"_self\">\n        <img src=\"https:\/\/www.scuolamonterisi.edu.it\/wp-content\/uploads\/2026\/01\/OFFICINA-DIDATTICA-1.jpg\" class=\"\" alt=\"\" \/>    <\/a>\n    <\/div>\n<\/div><\/div><div class=\"kc-elm kc-css-899354 small-12 columns small-12\"><div class=\"kc-col-container\"><div class=\"kc-elm kc-css-248827 kc_text_block\"><\/p>\n<p><strong>OFFICINA DIDATTICA #1 \u2013 Podcast a scuola<\/strong><\/p>\n<p><strong>\u00a0<\/strong><\/p>\n<p><strong>\u201cProf, ma lo possiamo dire ad alta voce?\u201d<\/strong><\/p>\n<p><strong>\u00a0<\/strong><\/p>\n<p>La voce entra in classe e diventa protagonista.<br \/>Una guida per creare podcast a scuola, dare spazio al racconto, allenare il pensiero e costruire memoria condivisa, senza tecnicismi inutili.<\/p>\n<p>\n<\/div><\/div><\/div><\/div><\/div><\/div><div class=\"kc-elm kc-css-507656 kc-row-container module transparent-background\"><div class=\"wc-row row\"><div class=\"kc-wrap-columns\"><div class=\"kc-elm kc-css-430981 small-12 columns small-12\"><div class=\"kc-col-container\"><div class=\"kc-elm kc-css-421749 kc_text_block\"><\/p>\n<p style=\"text-align: right;\"><strong>OFFICINA DIDATTICA #2 \u2013 Studiare con l\u2019AI<\/strong><\/p>\n<p style=\"text-align: right;\"><strong>\u00a0<\/strong><\/p>\n<p style=\"text-align: right;\"><strong>\u201cProf, ma lo possiamo studiare con l\u2019AI?\u201d<\/strong><\/p>\n<p style=\"text-align: right;\"><strong>\u00a0<\/strong><\/p>\n<p style=\"text-align: right;\">E se l\u2019intelligenza artificiale aiutasse davvero a\u00a0studiare meglio?<br \/>Un percorso per usare NotebookLM come compagno di studio: le fonti al centro, l\u2019AI come supporto, il pensiero sempre umano.<\/p>\n<p style=\"text-align: right;\">\n<\/div><\/div><\/div><div class=\"kc-elm kc-css-380631 small-12 columns small-12\"><div class=\"kc-col-container\"><div class=\"kc-elm kc-css-120160 kc_shortcode kc_single_image\">\n\n        <a  href=\"https:\/\/drive.google.com\/file\/d\/1yiVEK9A5BI-uuFJz6ZeyW8GeMQ5xRTTo\/view?usp=sharing\" title=\"\" target=\"_self\">\n        <img src=\"https:\/\/www.scuolamonterisi.edu.it\/wp-content\/uploads\/2026\/01\/OFFICINA-DIDATTICA-2.jpg\" class=\"\" alt=\"\" \/>    <\/a>\n    <\/div>\n<\/div><\/div><\/div><\/div><\/div><div class=\"kc-elm kc-css-147746 kc-row-container module transparent-background\"><div class=\"wc-row row\"><div class=\"kc-wrap-columns\"><div class=\"kc-elm kc-css-995903 small-12 columns small-12\"><div class=\"kc-col-container\"><div class=\"kc-elm kc-css-772131 kc_shortcode kc_single_image\">\n\n        <a  href=\"https:\/\/drive.google.com\/file\/d\/12f8SAgBTEZbVlvAG8URgoGISyLQYc0Xu\/view?usp=sharing\" title=\"\" target=\"_self\">\n        <img src=\"https:\/\/www.scuolamonterisi.edu.it\/wp-content\/uploads\/2026\/01\/OFFICINA-DIDATTICA-3.jpg\" class=\"\" alt=\"\" \/>    <\/a>\n    <\/div>\n<\/div><\/div><div class=\"kc-elm kc-css-10503 small-12 columns small-12\"><div class=\"kc-col-container\"><div class=\"kc-elm kc-css-710781 kc_text_block\"><\/p>\n<p><strong>OFFICINA DIDATTICA #3 \u2013 Cibo e alimentazione<\/strong><\/p>\n<p><strong>\u00a0<\/strong><\/p>\n<p><strong>\u201cIl cibo non nasce al supermercato\u201d<\/strong><\/p>\n<p><strong>\u00a0<\/strong><\/p>\n<p>Dietro ogni alimento c\u2019\u00e8 una storia fatta di scelte, tecnologie e trasformazioni.<br \/>Un ebook per capire cosa mangiamo davvero e imparare a scegliere in modo consapevole, partendo dalla quotidianit\u00e0.<\/p>\n<p>\n<\/div><\/div><\/div><\/div><\/div><\/div><div class=\"kc-elm kc-css-73536 kc-row-container module transparent-background\"><div class=\"wc-row row\"><div class=\"kc-wrap-columns\"><div class=\"kc-elm kc-css-13884 small-12 columns small-12\"><div class=\"kc-col-container\"><div class=\"kc-elm kc-css-925635 kc_text_block\"><\/p>\n<p style=\"text-align: right;\"><strong>OFFICINA DIDATTICA #4 \u2013 Libro delle vacanze con l\u2019AI<\/strong><\/p>\n<p style=\"text-align: right;\"><strong>\u00a0<\/strong><\/p>\n<p style=\"text-align: right;\"><strong>\u201cMaestra, ma i compiti me li assegna Gemini?\u201d<\/strong><\/p>\n<p style=\"text-align: right;\"><strong>\u00a0<\/strong><\/p>\n<p style=\"text-align: right;\">E se il libro delle vacanze fosse davvero \u201csu misura\u201d?<br \/>Una guida per usare l\u2019AI come alleata creativa e progettare un libro unico, costruito intorno alla propria classe e alla sua storia.<\/p>\n<p>\n<\/div><\/div><\/div><div class=\"kc-elm kc-css-520855 small-12 columns small-12\"><div class=\"kc-col-container\"><div class=\"kc-elm kc-css-587453 kc_shortcode kc_single_image\">\n\n        <a  href=\"https:\/\/drive.google.com\/file\/d\/1l24EWnqi06nJRF6qeL4Ta3-1sgzh4e0S\/view?usp=sharing\" title=\"\" target=\"_self\">\n        <img src=\"https:\/\/www.scuolamonterisi.edu.it\/wp-content\/uploads\/2026\/01\/OFFICINA-DIDATTICA-4.jpg\" class=\"\" alt=\"\" \/>    <\/a>\n    <\/div>\n<\/div><\/div><\/div><\/div><\/div><div class=\"kc-elm kc-css-256518 kc-row-container module transparent-background\"><div class=\"wc-row row\"><div class=\"kc-wrap-columns\"><div class=\"kc-elm kc-css-70903 small-12 columns small-12\"><div class=\"kc-col-container\"><div class=\"kc-elm kc-css-941202 kc_shortcode kc_single_image\">\n\n        <a  href=\"https:\/\/drive.google.com\/file\/d\/1o1LIc63ofsz8wMJg-wUGEp3OfS1lIGd9\/view?usp=sharing\" title=\"\" target=\"_self\">\n        <img src=\"https:\/\/www.scuolamonterisi.edu.it\/wp-content\/uploads\/2026\/01\/vibecoding.jpg\" class=\"\" alt=\"\" \/>    <\/a>\n    <\/div>\n<\/div><\/div><div class=\"kc-elm kc-css-815272 small-12 columns small-12\"><div class=\"kc-col-container\"><div class=\"kc-elm kc-css-7672 kc_text_block\"><\/p>\n<p style=\"text-align: right;\"><strong>OFFICINA DIDATTICA #5 \u2013 VIBE CODING<\/strong><\/p>\n<p style=\"text-align: right;\">Questo non \u00e8 un manuale di HTML. Non \u00e8 una guida tecnica, non \u00e8 un corso di programmazione, non \u00e8 l\u2019ennesimo tentativo di spiegare \u201ccome funziona il codice\u201d.<\/p>\n<p style=\"text-align: right;\">Questo eBook nasce da un\u2019idea molto pi\u00f9 semplice (<em>e molto pi\u00f9 pericolosa<\/em>): <strong>programmare<\/strong> <strong>pu\u00f2 essere un atto creativo, dialogico, persino<\/strong> <strong>divertente.<\/strong> Anche a scuola. Anche con studenti che non si sono mai sentiti \u201c<em>portati<\/em>\u201d.<\/p>\n<\/p>\n<p>\n<\/div><\/div><\/div><\/div><\/div><\/div><\/p>\n","protected":false},"excerpt":{"rendered":"","protected":false},"author":1,"featured_media":0,"parent":6435,"menu_order":0,"comment_status":"closed","ping_status":"closed","template":"template-modules.php","meta":[],"_links":{"self":[{"href":"https:\/\/www.scuolamonterisi.edu.it\/index.php\/wp-json\/wp\/v2\/pages\/6468"}],"collection":[{"href":"https:\/\/www.scuolamonterisi.edu.it\/index.php\/wp-json\/wp\/v2\/pages"}],"about":[{"href":"https:\/\/www.scuolamonterisi.edu.it\/index.php\/wp-json\/wp\/v2\/types\/page"}],"author":[{"embeddable":true,"href":"https:\/\/www.scuolamonterisi.edu.it\/index.php\/wp-json\/wp\/v2\/users\/1"}],"replies":[{"embeddable":true,"href":"https:\/\/www.scuolamonterisi.edu.it\/index.php\/wp-json\/wp\/v2\/comments?post=6468"}],"version-history":[{"count":25,"href":"https:\/\/www.scuolamonterisi.edu.it\/index.php\/wp-json\/wp\/v2\/pages\/6468\/revisions"}],"predecessor-version":[{"id":6606,"href":"https:\/\/www.scuolamonterisi.edu.it\/index.php\/wp-json\/wp\/v2\/pages\/6468\/revisions\/6606"}],"up":[{"embeddable":true,"href":"https:\/\/www.scuolamonterisi.edu.it\/index.php\/wp-json\/wp\/v2\/pages\/6435"}],"wp:attachment":[{"href":"https:\/\/www.scuolamonterisi.edu.it\/index.php\/wp-json\/wp\/v2\/media?parent=6468"}],"curies":[{"name":"wp","href":"https:\/\/api.w.org\/{rel}","templated":true}]}}