{"id":6471,"date":"2026-01-21T11:01:17","date_gmt":"2026-01-21T10:01:17","guid":{"rendered":"https:\/\/www.scuolamonterisi.edu.it\/?page_id=6471"},"modified":"2026-01-21T11:01:17","modified_gmt":"2026-01-21T10:01:17","slug":"podcast","status":"publish","type":"page","link":"https:\/\/www.scuolamonterisi.edu.it\/index.php\/steam\/podcast\/","title":{"rendered":"PODCAST"},"content":{"rendered":"<div class=\"kc-elm kc-css-807144 kc-row-container module\"><div class=\"wc-row row\"><div class=\"kc-wrap-columns\"><div class=\"kc-elm kc-css-752067 small-12 columns small-12\"><div class=\"kc-col-container\"><div id=\"954258\" class=\"section-title-wrapper\"><div class=\"section-title\"><h2>PODCAST<\/h2><p>contenuti audio<\/p><\/div><!-- Section title \/--><\/div><!-- Title Wrapper \/--><div class=\"kc-elm kc-css-989785 kc_text_block\"><\/p>\n<p class=\"MsoNormal\" style=\"margin: 0cm; font-size: 12pt; font-family: Calibri, sans-serif; color: #000000; text-align: justify;\"><span style=\"font-size: 14pt; font-family: Montserrat;\">La sezione\u00a0Podcast\u00a0raccoglie contenuti audio dedicati alla scienza, alla tecnologia, al pensiero critico e alla scuola che cambia.<br \/>Ogni episodio \u00e8 accompagnato da una breve descrizione e da un link per l\u2019ascolto.<\/span><\/p>\n<p class=\"MsoNormal\" style=\"margin: 0cm; font-size: 12pt; font-family: Calibri, sans-serif; color: #000000; text-align: justify;\"><span style=\"font-size: 14pt; font-family: Montserrat;\">Il podcast \u00e8 uno spazio di racconto e riflessione, un modo diverso di fare scuola: pi\u00f9 lento, pi\u00f9 narrativo, pi\u00f9 vicino all\u2019ascolto.<br \/>Attraverso il canale dedicato, promosso anche sul sito, la scuola diventa voce e dialogo.<\/span><\/p>\n<p class=\"MsoNormal\" style=\"margin: 0cm; font-size: 12pt; font-family: Calibri, sans-serif; color: #000000; text-align: justify;\"><span style=\"font-size: 14pt; font-family: Montserrat;\">Tutti i contenuti sono\u00a0liberamente ascoltabili, pensati per studenti, docenti, famiglie e per chiunque voglia esplorare nuovi modi di pensare la didattica.<\/span><\/p>\n<p class=\"MsoNormal\" style=\"margin: 0cm; font-size: 12pt; font-family: Calibri, sans-serif; color: #000000; text-align: justify;\"><span style=\"font-size: 14pt; font-family: Montserrat;\">\u00a0<\/span><\/p>\n<p>\n<\/div><\/div><\/div><\/div><\/div><\/div>\n","protected":false},"excerpt":{"rendered":"","protected":false},"author":1,"featured_media":0,"parent":6435,"menu_order":0,"comment_status":"closed","ping_status":"closed","template":"template-modules.php","meta":[],"_links":{"self":[{"href":"https:\/\/www.scuolamonterisi.edu.it\/index.php\/wp-json\/wp\/v2\/pages\/6471"}],"collection":[{"href":"https:\/\/www.scuolamonterisi.edu.it\/index.php\/wp-json\/wp\/v2\/pages"}],"about":[{"href":"https:\/\/www.scuolamonterisi.edu.it\/index.php\/wp-json\/wp\/v2\/types\/page"}],"author":[{"embeddable":true,"href":"https:\/\/www.scuolamonterisi.edu.it\/index.php\/wp-json\/wp\/v2\/users\/1"}],"replies":[{"embeddable":true,"href":"https:\/\/www.scuolamonterisi.edu.it\/index.php\/wp-json\/wp\/v2\/comments?post=6471"}],"version-history":[{"count":1,"href":"https:\/\/www.scuolamonterisi.edu.it\/index.php\/wp-json\/wp\/v2\/pages\/6471\/revisions"}],"predecessor-version":[{"id":6472,"href":"https:\/\/www.scuolamonterisi.edu.it\/index.php\/wp-json\/wp\/v2\/pages\/6471\/revisions\/6472"}],"up":[{"embeddable":true,"href":"https:\/\/www.scuolamonterisi.edu.it\/index.php\/wp-json\/wp\/v2\/pages\/6435"}],"wp:attachment":[{"href":"https:\/\/www.scuolamonterisi.edu.it\/index.php\/wp-json\/wp\/v2\/media?parent=6471"}],"curies":[{"name":"wp","href":"https:\/\/api.w.org\/{rel}","templated":true}]}}